3*f - 138 = 0, -5*v - 2*f = -755. What are the prime factors of v?
3, 17
Suppose 3*z - 3*l = 309, 0 = -4*z - 8*l + 3*l + 448. What are the prime factors of z?
107
Let o = 70 - -204. What are the prime factors of o?
2, 137
Suppose -d + 4*d = 5*z + 17, 0 = -z + 3*d - 1. Let x = 3 - z. What are the prime factors of x?
7
Let q = -83 + 97. What are the prime factors of q?
2, 7
Suppose 5*h = 3*h + 6. Suppose 25 = 4*x - h. Suppose -2*j = -x*j + 60. List the prime factors of j.
2, 3
Let g = -10 + 2. Let r(z) = -z + 1. List the prime factors of r(g).
3
Suppose -o = 2*o - 1080. Suppose -a + 28 = -2*k - 32, -5*a - 5*k = -o. Suppose -6*v + a = -2*v. List the prime factors of v.
17
Let h = -7 + 11. Suppose -1 = -2*i + 5*u, -h*i - u = -0*i - 13. List the prime factors of 0 - (1 - i) - -6.
2
Let x(i) = 10*i - 31. List the prime factors of x(9).
59
Let n = 115 - 82. List the prime factors of n.
3, 11
Suppose -2*c + 2*p + 8 = 0, -3*c = -p - 15 + 3. What are the prime factors of 1/c*(37 - 17)?
5
Let f = 14 + 8. List the prime factors of f.
2, 11
Let k(r) = -r**2 + r**3 - 9*r - r**2 - 2*r**2 + 3 + 0*r**2. List the prime factors of k(6).
3, 7
Let g = 10 - 8. Suppose -3*s + 34 = g*w, -4*w + 4*s = -132 + 24. What are the prime factors of w?
23
Let y(n) = 6*n**2 - 5*n - 3. Let h be y(-2). Let x = 3 + h. What are the prime factors of x?
2, 17
Let c(h) = h**2 - 6*h**2 - 1 + h**3 - 3 + h. Let a be c(5). Let j = a - -11. What are the prime factors of j?
2, 3
Let i = 6 - 6. Let l(r) = r**2 + 2*r + 4. What are the prime factors of l(i)?
2
Let f(p) = -9*p - 1. What are the prime factors of f(-3)?
2, 13
Let w(b) = 4*b - 7. List the prime factors of w(6).
17
Suppose 0 = 2*b - 9 - 3. Let f = 7 - b. List the prime factors of -2*14/(-4) + f.
2
Suppose -16 = -2*q + 3*l + 8, 0 = 2*q - 4*l - 28. What are the prime factors of q?
2, 3
Suppose -25 = -2*a - 5*f, 4*f = 3*a - 18 - 8. List the prime factors of a.
2, 5
Let s(b) = -12*b - 9. What are the prime factors of s(-6)?
3, 7
Let u(h) = h - 1. Let w be u(3). Let j = 2 - w. Suppose -b + j*b = -9. List the prime factors of b.
3
Let p(o) = -o**2 + 9*o + 10. Suppose d - 9 = -0*d. List the prime factors of p(d).
2, 5
Suppose -n - 20 = 4. What are the prime factors of n/16*(-38)/3?
19
Let h(j) be the first derivative of -j**4/2 - 2*j**3/3 - j**2 - 2*j - 2. List the prime factors of h(-2).
2, 5
Let f = -5 - -7. Suppose 0 = 5*x + n - 12, -3*x = -f*n - 0*n - 2. Let t = 6 + x. List the prime factors of t.
2
Let d be (-5)/2*40/(-50). Suppose s + 30 = d*s. What are the prime factors of s?
2, 3, 5
Let q(l) = l**3 - 6*l**2 - 9*l + 1. Let f(j) = -j. Let d be f(-8). List the prime factors of q(d).
3, 19
Suppose -5*t - 7 = -f - 2, 0 = -3*t - 15. Let n = -3 - f. What are the prime factors of n?
17
Let f = -5 - -8. Suppose -3*a + 27 = -g, g - 2*g + f = 0. What are the prime factors of a?
2, 5
What are the prime factors of (-2)/(-11) + (2436/(-11))/(-3)?
2, 37
Let g = -25 - -35. Suppose 6*f = f + g. List the prime factors of f.
2
Let p be 112/(-18) + (-6)/(-27). Let f = -4 - p. What are the prime factors of f?
2
Let w = 6 - 2. Suppose 0 = 5*u - v + 109, w*u - 5 = v - 93. What are the prime factors of 51/7 + 6/u?
7
Suppose -6*s + 2*s + 360 = 2*a, -a + 152 = -5*s. Let x be (-12)/42 + a/14. Suppose -3*h + 18 = -3*y, -x = -4*h - 4*y + 28. What are the prime factors of h?
2
List the prime factors of (-328)/(-8) + (1 - -2).
2, 11
Let n = 40 + 4. List the prime factors of (-2)/(-4) - n/(-8).
2, 3
Suppose 2 = -j + 5. What are the prime factors of (28/(-6) + j)*-3?
5
Let b = -63 + 179. List the prime factors of b.
2, 29
Let o = 24 - 11. List the prime factors of o/2*(3 - 1).
13
Let t(n) = -n**2 + 9*n + 1. Let c be 19/3 - 10/(-15). List the prime factors of t(c).
3, 5
Suppose -48 = -5*l + 22. List the prime factors of l.
2, 7
Let a(x) = x + 1 + 0*x - 2 + 8*x**2. What are the prime factors of a(1)?
2
Let h be 70/7*(0 - 1). Let m(g) = g**2 + 5*g - 7. List the prime factors of m(h).
43
Suppose -9 = -5*h + 2*o + 31, 5*h - 40 = 5*o. Let m = h - -1. What are the prime factors of m?
3
Suppose 0*s - 10 = -5*s. Let h = 0 + s. Suppose -3*v + 0*v + 69 = 3*j, -h*j + 22 = -4*v. What are the prime factors of j?
19
Suppose -4*a = -0*a - 16. Let k = a - -6. What are the prime factors of k?
2, 5
Let w = 154 - 41. List the prime factors of w.
113
Let t(q) = -q**2 + 10*q - 2. What are the prime factors of t(6)?
2, 11
Let g(l) = -2*l**2 - 7*l - 4. Let t be g(-4). Let q be -1 + (t - (2 - 4)). List the prime factors of 2*-1*(q + 2).
2, 5
Let x be -6 + 3 - (2 - 2). List the prime factors of 16 - 3 - 3/x.
2, 7
Let x = -7 - -10. What are the prime factors of x - -1 - (-12 + 11)?
5
Suppose 3*g - 17 = -4*j, -4*g - 6 + 26 = 4*j. Suppose 10 = 3*n - j*n. What are the prime factors of n?
2, 5
Let z(j) = 2*j**2. Let i be z(1). Suppose 5*c + 7 = -3*q, -3*q + 28 = -0*q - i*c. What are the prime factors of q?
2, 3
Let m be (-3)/(-2)*(-6)/9. List the prime factors of 21 + m/2*6.
2, 3
Suppose -2*x + 4*w + 0 + 2 = 0, -3*x + 5*w = -5. Suppose -5*d = -2*y + 5*y - 50, -x = -5*d. Suppose -j + y = -1. List the prime factors of j.
2
Let s be (5/(-2))/(2/(-4)). Suppose s*k - 91 = -16. List the prime factors of k.
3, 5
Suppose 2*i = -3 + 11. Suppose 0 = -2*c - 2*d + 14, 5*c - i*d - 59 = -d. What are the prime factors of c?
2, 5
Suppose -4*m - 330 = q, q - 87 = m - q. Let d = -55 - m. What are the prime factors of d?
2, 7
Suppose 0 = -4*n - n. Suppose 4*v = 2*v + 10, -3*v + 75 = -5*a. Let o = n - a. What are the prime factors of o?
2, 3
Suppose -3*j + 7 = -4*t, 2 = t - 3*t. Suppose -19 = -l - j. Suppose 0*s = s - l. What are the prime factors of s?
2, 3
Let r(n) = 3*n**3 - 5*n**2 - 2*n - 7. What are the prime factors of r(5)?
233
Suppose -q - 2*d = 18 - 48, 5*q + 5*d = 145. Let n = q - 24. What are the prime factors of n?
2
List the prime factors of (150/18)/(1/9).
3, 5
Let g(o) = o**3 + 8*o**2 + o - 4. Let s be g(-8). What are the prime factors of 2/4 - 78/s?
7
Suppose 0 = 8*u - 12*u + 116. What are the prime factors of u?
29
Let k(c) = -c + 17. Let w be k(12). Suppose u + 32 = w*u. Let o(z) = z**3 - 8*z**2 + z + 3. List the prime factors of o(u).
11
List the prime factors of 31*(4 - 4 - -1).
31
List the prime factors of 30 - 2 - (2 + 0).
2, 13
Let v = 966 - 655. List the prime factors of v.
311
Let v(i) = 3*i**2 - 4*i - 13. What are the prime factors of v(-8)?
211
Suppose -3*f + w = 2*w - 65, 0 = 3*w - 15. Let s = f - 11. What are the prime factors of 14 - 3/s*3?
13
Let d = 1 - -2. Let u(a) = -a**3 + 4*a**2 + 2. What are the prime factors of u(d)?
11
Suppose 4*l + 238 = 5*t + 28, -2*t = l - 97. List the prime factors of t.
2, 23
Let b = -62 + 117. What are the prime factors of b?
5, 11
Let v = 186 - 27. List the prime factors of v.
3, 53
Let h(p) = p**2 - 3*p - 9. What are the prime factors of h(-11)?
5, 29
Let n be -1*6/9*-3. Let d = -17 + 17. Suppose -4*o + 4 = n*y - d, -5*o + 30 = 5*y. List the prime factors of y.
2, 5
Suppose 3*w + 60 + 15 = 2*l, 3*w + 105 = 3*l. List the prime factors of l.
2, 3, 5
Let g(u) = 16*u - 29. What are the prime factors of g(10)?
131
Suppose -h + 2 = -m, 0 = h - 0*h + m - 4. Let n(s) = -s**2 + 4*s + 7. Let d be n(5). Suppose -h*t + d*t = -8. List the prime factors of t.
2
Let g(w) = 20 + 16*w - w + 6*w. Let u(r) = 4*r + 4. Let j(m) = -2*g(m) + 11*u(m). What are the prime factors of j(8)?
2, 5
Suppose -u = 3*g + 2*g + 19, 2*g + 3 = -5*u. Let w = u - -5. Suppose 2*d = 3*y - 18, 2*d - w = -y + d. List the prime factors of y.
2, 3
Suppose 3*k - 2*j - 182 = -58, 5*k - 208 = 2*j. List the prime factors of k.
2, 3, 7
Let z(h) = 7*h**2 - 3*h. What are the prime factors of z(2)?
2, 11
Let r = -1 - -1. Let g be 31 - (-1 + 1) - r. Let h = g - 19. What are the prime factors of h?
2, 3
What are the prime factors of 308/4 - 2/4*2?
2, 19
Suppose 4*y = -y - r + 12, 0 = y - r. Suppose 0 = -3*w - 3*i + 57, -y*i + 5*i + 135 = 5*w. List the prime factors of w.
2, 3
What are the prime factors of 84*(-3 - 14/(-4)) + 2?
2, 11
Suppose -2*l + 13 = 261. Let m = -73 - l. What are the prime factors of m?
3, 17
Let u = 567 - 274. List the prime factors of u.
293
Suppose 3*l + 2*z = -24, -4*z = -3*l - 3*z - 15. Let f be 3*l/9 + 3. What are the prime factors of 3/(-12)*(f - 45)?
11
Let j be (0*(-2)/6